{"id":30,"date":"2010-08-05T14:57:32","date_gmt":"2010-08-05T14:57:32","guid":{"rendered":"http:\/\/cafe2.dlask.cz\/?page_id=30"},"modified":"2022-03-02T13:52:14","modified_gmt":"2022-03-02T13:52:14","slug":"nase-dorty","status":"publish","type":"page","link":"https:\/\/cafe2.dlask.cz\/?page_id=30","title":{"rendered":"Svatebn\u00ed dorty"},"content":{"rendered":"<p>Um\u00edme t\u00e9m\u011b\u0159 jak\u00fdkoliv svatebn\u00ed dort, kter\u00fd V\u00e1s napadne. Ka\u017ed\u00fd dort je v\u017edy zak\u00e1zkov\u00e1 v\u00fdroba dle individu\u00e1ln\u00edch po\u017eadavk\u016f z\u00e1kazn\u00edka. Pro objedn\u00e1n\u00ed svatebn\u00edho dortu si pros\u00edm domluvte osobn\u00ed n\u00e1v\u0161t\u011bvu, svatebn\u00ed dorty ve v\u011bt\u0161in\u011b p\u0159\u00edpad\u016f nelze snadno objednat po telefonu ani e-mailu.&nbsp;<\/p>\n<p><a href=\"https:\/\/photos.google.com\/share\/AF1QipOp_yR7cGAzZ6mEPAFONfzXYckd8-T5u1_hUamiBYMdGKGpicvO9Dswtv8WveODww?key=cDctVGh6VDFMQVhya0ZlNWhlakw5SHFVYXE1OE5R\">Galerie na Google Photos<\/a><\/p>\n\n\n<script src=\"https:\/\/cdn.jsdelivr.net\/npm\/publicalbum@latest\/embed-ui.min.js\" async=\"\"><\/script>\n<div class=\"pa-gallery-player-widget\" style=\"width:100%; height:480px; display:none;\" data-link=\"https:\/\/photos.app.goo.gl\/DfGc6eJgxJe1YCPU9\" data-title=\"Dorty svatebn\u00ed\" data-description=\"17 new items added to shared album\">\n  <object data=\"https:\/\/lh3.googleusercontent.com\/QxUY_nXyCUfZPWqLHrD2VoMx4ZSHQFGCFDlwD3karkZdHoGJEde6_U0UA4UBNKHtspRqMXIUZNv4aRce7VtBGveHHserspZ2l-i-zTfhLAJKfmviH71VNx8-qa1qaaQ9uIuBY3MzQPc=w1920-h1080\"><\/object>\n  <object data=\"https:\/\/lh3.googleusercontent.com\/yWHPiBaseoHTrOWmg8wOKvQ0-ySzi_iLPYRhoy8T3cnNbFhbSN-3M02tPTikQDx1LkQoUeAOruaaS3mZwjE-yA2RnwIGtIUnEayNBIee1IYsVQYOou9VQHXrh2U4kiHfhRCU42DiM8M=w1920-h1080\"><\/object>\n  <object data=\"https:\/\/lh3.googleusercontent.com\/BEmkSrMgO2CMw_L75ZSqQpDHPfKHyx3ugmNW6pZITxkIBOOTJ0H19amJFY4HskVpqs96_beZ08LttWni7M1_HFPGIVSB4Ccj5fU3wyMjNim8QGPQJaMVErSGVI9ZolvaL9cdhZ-JJmA=w1920-h1080\"><\/object>\n  <object data=\"https:\/\/lh3.googleusercontent.com\/MJziCwVuUMSv-vSq5uomr3fOrcnC2knaHAu1QQhB-hxCEYgK9dHUv4qy3E0UIHJxKSqYmSRuZSXIe_M5GluL25Mt6U3EC9Xbjnmsjz3daxSneryZAoMWNRPyTxIz-fufzR2rYCWi3bo=w1920-h1080\"><\/object>\n  <object data=\"https:\/\/lh3.googleusercontent.com\/smgHcmlvLi3wo3FRpZ_OASPFeUQiqNmIH8Nm78DIRaCwwxU7erS8tI_zGojkF4r2hiGXkQMYcvicU07QWqBcQamQP6Kma4o9lCkQlrVkMoaTVfRGRwBUmmRNP0Xlj_x8bVsGWPipPEI=w1920-h1080\"><\/object>\n  <object data=\"https:\/\/lh3.googleusercontent.com\/qQ0hiQ3A2BUJqNytDTrbVSpNTlk_mBFJ7jACAS-iSp7-IyHz_L5xsoPyHpnE4MWQe5eVUm6fSEdS8SihQ7JB_7h10aKcmnOezh9O7a96sbzczDewRFEGzNxK8qJaLa7W4hFIq4jb5_Q=w1920-h1080\"><\/object>\n  <object data=\"https:\/\/lh3.googleusercontent.com\/WPGeT2cRGlwCzLdPOn35tC3vBmczXyguutdnur7wXCQ3WGL_M9tApO4TbJgRQIIO2wbAa7qtLpRlhOuBAYorTHiTY4dcP84Y7Y0LksFsWBW22l7kgx5fQYyNzZ89uCCBO7rXL5ODoRU=w1920-h1080\"><\/object>\n  <object data=\"https:\/\/lh3.googleusercontent.com\/PbSPH-Mk1furO6yYkQOsLcgoCpKE9cFRfyrtWRgyPguiE53ahb4GuVcm2fBxJt9-wjzcEHK3QYI7l883ApK6NU2AYDM8xwxLLuJBNZ6ysGOpchHHZEnYjd9dsIxZB1-etAWw39YSlPw=w1920-h1080\"><\/object>\n  <object data=\"https:\/\/lh3.googleusercontent.com\/bCJpC4CCnfgyN7r7NWz_P5lWuPgxED-UrFntYSL5EiYgL6CxwI6zOgk44AsbvidmSK9CPfUXbc8HMtMTfORtn2YhHV0zuIuyfY3tLRPqOA9mLL1trged5Rdp_scj6e6FxxH1E3kzizI=w1920-h1080\"><\/object>\n  <object data=\"https:\/\/lh3.googleusercontent.com\/yXCLRHhS4g5MS8MoOvtTvuz0I9BYjL56Y0qkAuQiPDl156II7DCjVblNC8uiR2v0uvPYoufuuYoippASgmCmQq0jQU_FKUdklUiTYsB3DwKl2KqjVs3F-R-oECQgzrNl_Qt2djS7agk=w1920-h1080\"><\/object>\n  <object data=\"https:\/\/lh3.googleusercontent.com\/j9RPIwr2hV3YapWTMctvZqdaG7cZQJ2SSVbxrlgXK0WZ5GZVlP4FZwChaydeeOmVHMSe23Ej53LB2rRZJ8SZ6A1E0wRkCkacAhwd86mSAS-_aN7ppiJU2Y5zalvoLDCQxHcQVIrR3YM=w1920-h1080\"><\/object>\n  <object data=\"https:\/\/lh3.googleusercontent.com\/NJTencJI2aWM8XC1nye2svNnEFqXKW4Pyk40fvfqyxM5zpnzCqDIp5rz7wIzh1FZd4LCL5H86XRxnPzRkFsTWPwQqrsHKY_WlEAGxOsLKXkGtFz5GEaluFLs3BwQ9-h4HL2prGNqDuw=w1920-h1080\"><\/object>\n  <object data=\"https:\/\/lh3.googleusercontent.com\/Lv8kDHfBibj7yXGw2mJ-UAAP87zpLpjVQu73T8hYanamKKBFTUIxFtUXTAfPKDl_10_gDZ6ES3_PZ3_h7sTY6FFYVGnbXDRgumAWGT46uewOozon2xBKwRW03ALQy3mf17jb9cZQIGs=w1920-h1080\"><\/object>\n  <object data=\"https:\/\/lh3.googleusercontent.com\/fTriQr6zLw6F2wiE-j07PB16lf69eMDseaBq05ypRRziMRA-ov5MdsfHpzEVkH3VBLaXGmeAfvjkLybVyBREp0XOU4y1iF00m2UnbgFzX5X0VXKK6mLG6OYemvoZKRbGD3QrhNeAUXs=w1920-h1080\"><\/object>\n  <object data=\"https:\/\/lh3.googleusercontent.com\/F0cJE9LfHLoex_f8ibcGLBxNXtyzCCiZprGQB6OABlbsYzXI9YZIBIEZvolHuqwym0OSjMmBltNavq0i5e3JNc6D6_PXDIvif0aip37VQ-6QdqhacEQ63rTTreev_UnCKeWxgtaxqNc=w1920-h1080\"><\/object>\n  <object data=\"https:\/\/lh3.googleusercontent.com\/1hqkv7gMd-6Qq3ONxz1iKObOSRlTUutxlOwFh-wj9g0VLDxoxK2IbF48FDfSVmbXW5R5skq2Ld5HqEUAQIF-AE_CPGjEssZ9_oHwPbnVwxL9V23Og3VOhP55UERNtA0RK-pUKi-g7ww=w1920-h1080\"><\/object>\n  <object data=\"https:\/\/lh3.googleusercontent.com\/8_hHAApGeHbwFsfnh20O6O9w7KvzjK5-oYGIoq7Y_ydY2_XxtmyjKiYvPn8fUth37pE5Y4q4YOvvY6kwuvjKzY4fjZ0i6Yz8i-u4vkhMTgGlkeiqT0Xr5FZLJxIUwNOH7fHMQW_DA4A=w1920-h1080\"><\/object>\n<\/div>\n\n\n\n<p><\/p>\n","protected":false},"excerpt":{"rendered":"<p>Um\u00edme t\u00e9m\u011b\u0159 jak\u00fdkoliv svatebn\u00ed dort, kter\u00fd V\u00e1s napadne. Ka\u017ed\u00fd dort je v\u017edy zak\u00e1zkov\u00e1 v\u00fdroba dle individu\u00e1ln\u00edch po\u017eadavk\u016f z\u00e1kazn\u00edka. Pro objedn\u00e1n\u00ed svatebn\u00edho dortu si pros\u00edm domluvte osobn\u00ed n\u00e1v\u0161t\u011bvu, svatebn\u00ed dorty ve v\u011bt\u0161in\u011b p\u0159\u00edpad\u016f nelze snadno objednat po telefonu ani e-mailu.&nbsp; Galerie &hellip; <a href=\"https:\/\/cafe2.dlask.cz\/?page_id=30\">Continue reading <span class=\"meta-nav\">&rarr;<\/span><\/a><\/p>\n","protected":false},"author":1,"featured_media":0,"parent":0,"menu_order":0,"comment_status":"closed","ping_status":"closed","template":"","meta":{"footnotes":""},"_links":{"self":[{"href":"https:\/\/cafe2.dlask.cz\/index.php?rest_route=\/wp\/v2\/pages\/30"}],"collection":[{"href":"https:\/\/cafe2.dlask.cz\/index.php?rest_route=\/wp\/v2\/pages"}],"about":[{"href":"https:\/\/cafe2.dlask.cz\/index.php?rest_route=\/wp\/v2\/types\/page"}],"author":[{"embeddable":true,"href":"https:\/\/cafe2.dlask.cz\/index.php?rest_route=\/wp\/v2\/users\/1"}],"replies":[{"embeddable":true,"href":"https:\/\/cafe2.dlask.cz\/index.php?rest_route=%2Fwp%2Fv2%2Fcomments&post=30"}],"version-history":[{"count":21,"href":"https:\/\/cafe2.dlask.cz\/index.php?rest_route=\/wp\/v2\/pages\/30\/revisions"}],"predecessor-version":[{"id":544,"href":"https:\/\/cafe2.dlask.cz\/index.php?rest_route=\/wp\/v2\/pages\/30\/revisions\/544"}],"wp:attachment":[{"href":"https:\/\/cafe2.dlask.cz\/index.php?rest_route=%2Fwp%2Fv2%2Fmedia&parent=30"}],"curies":[{"name":"wp","href":"https:\/\/api.w.org\/{rel}","templated":true}]}}